{"id":8,"date":"2024-06-20T22:47:25","date_gmt":"2024-06-20T20:47:25","guid":{"rendered":"https:\/\/www.socials-insaiguaviva.org\/filosofia\/?page_id=8"},"modified":"2024-06-25T11:44:26","modified_gmt":"2024-06-25T09:44:26","slug":"seminari-de-filosofia","status":"publish","type":"page","link":"https:\/\/www.socials-insaiguaviva.org\/filosofia\/","title":{"rendered":"Seminari de filosofia"},"content":{"rendered":"\n<h2 class=\"wp-block-heading has-text-align-center\"><strong>Seminari de filosofia<\/strong><\/h2>\n\n\n\n<p><\/p>\n\n\n\n<p>                             <img loading=\"lazy\" decoding=\"async\" width=\"700\" height=\"350\" class=\"wp-image-56\" style=\"width: 700px;\" src=\"https:\/\/www.socials-insaiguaviva.org\/filosofia\/wp-content\/uploads\/2024\/06\/politeia-platona-8-708.jpg\" alt=\"Escola d'Atenes - Rafael\" srcset=\"https:\/\/www.socials-insaiguaviva.org\/filosofia\/wp-content\/uploads\/2024\/06\/politeia-platona-8-708.jpg 992w, https:\/\/www.socials-insaiguaviva.org\/filosofia\/wp-content\/uploads\/2024\/06\/politeia-platona-8-708-300x150.jpg 300w, https:\/\/www.socials-insaiguaviva.org\/filosofia\/wp-content\/uploads\/2024\/06\/politeia-platona-8-708-768x384.jpg 768w\" sizes=\"auto, (max-width: 700px) 100vw, 700px\" \/><\/p>\n\n\n\n<p>No puc ensenyar res a ning\u00fa. Nom\u00e9s puc fer-los pensar (S\u00f2crates)<\/p>\n","protected":false},"excerpt":{"rendered":"<p>Seminari de filosofia No puc ensenyar res a ning\u00fa. Nom\u00e9s puc fer-los pensar (S\u00f2crates)<\/p>\n","protected":false},"author":1,"featured_media":0,"parent":0,"menu_order":0,"comment_status":"closed","ping_status":"closed","template":"","meta":{"footnotes":""},"class_list":["post-8","page","type-page","status-publish","hentry"],"_links":{"self":[{"href":"https:\/\/www.socials-insaiguaviva.org\/filosofia\/wp-json\/wp\/v2\/pages\/8","targetHints":{"allow":["GET"]}}],"collection":[{"href":"https:\/\/www.socials-insaiguaviva.org\/filosofia\/wp-json\/wp\/v2\/pages"}],"about":[{"href":"https:\/\/www.socials-insaiguaviva.org\/filosofia\/wp-json\/wp\/v2\/types\/page"}],"author":[{"embeddable":true,"href":"https:\/\/www.socials-insaiguaviva.org\/filosofia\/wp-json\/wp\/v2\/users\/1"}],"replies":[{"embeddable":true,"href":"https:\/\/www.socials-insaiguaviva.org\/filosofia\/wp-json\/wp\/v2\/comments?post=8"}],"version-history":[{"count":11,"href":"https:\/\/www.socials-insaiguaviva.org\/filosofia\/wp-json\/wp\/v2\/pages\/8\/revisions"}],"predecessor-version":[{"id":71,"href":"https:\/\/www.socials-insaiguaviva.org\/filosofia\/wp-json\/wp\/v2\/pages\/8\/revisions\/71"}],"wp:attachment":[{"href":"https:\/\/www.socials-insaiguaviva.org\/filosofia\/wp-json\/wp\/v2\/media?parent=8"}],"curies":[{"name":"wp","href":"https:\/\/api.w.org\/{rel}","templated":true}]}}

<h2 class="wp-block-heading has-text-align-center"><strong>Seminari de filosofia</strong></h2>



<p></p>



<p>                             <img loading="lazy" decoding="async" width="700" height="350" class="wp-image-56" style="width: 700px;" src="https://www.socials-insaiguaviva.org/filosofia/wp-content/uploads/2024/06/politeia-platona-8-708.jpg" alt="Escola d'Atenes - Rafael" srcset="https://www.socials-insaiguaviva.org/filosofia/wp-content/uploads/2024/06/politeia-platona-8-708.jpg 992w, https://www.socials-insaiguaviva.org/filosofia/wp-content/uploads/2024/06/politeia-platona-8-708-300x150.jpg 300w, https://www.socials-insaiguaviva.org/filosofia/wp-content/uploads/2024/06/politeia-platona-8-708-768x384.jpg 768w" sizes="auto, (max-width: 700px) 100vw, 700px" /></p>



<p>No puc ensenyar res a ningú. Només puc fer-los pensar (Sòcrates)</p>

<p>Seminari de filosofia No puc ensenyar res a ningú. Només puc fer-los pensar (Sòcrates)</p>
